{"version":"1.0","provider_name":"R\u0113zeknes novads","provider_url":"https:\/\/rezeknesnovads.lv\/en\/","author_name":"rsusr","author_url":"https:\/\/rezeknesnovads.lv\/en\/author\/rsusr\/","title":"Glob\u0101l\u0101s izgl\u012bt\u012bbas ned\u0113\u013ca Ver\u0113mu pamatskol\u0101 - R\u0113zeknes novads","type":"rich","width":600,"height":338,"html":"<blockquote class=\"wp-embedded-content\" data-secret=\"rxGKas2JNx\"><a href=\"https:\/\/rezeknesnovads.lv\/en\/globalas-izglitibas-nedela-veremu-pamatskola\/\">Glob\u0101l\u0101s izgl\u012bt\u012bbas ned\u0113\u013ca Ver\u0113mu pamatskol\u0101<\/a><\/blockquote><iframe sandbox=\"allow-scripts\" security=\"restricted\" src=\"https:\/\/rezeknesnovads.lv\/en\/globalas-izglitibas-nedela-veremu-pamatskola\/embed\/#?secret=rxGKas2JNx\" width=\"600\" height=\"338\" title=\"&#8220;Glob\u0101l\u0101s izgl\u012bt\u012bbas ned\u0113\u013ca Ver\u0113mu pamatskol\u0101&#8221; &#8212; R\u0113zeknes novads\" data-secret=\"rxGKas2JNx\" frameborder=\"0\" marginwidth=\"0\" marginheight=\"0\" scrolling=\"no\" class=\"wp-embedded-content\"><\/iframe><script type=\"text\/javascript\">\n\/* <![CDATA[ *\/\n\/*! This file is auto-generated *\/\n!function(d,l){\"use strict\";l.querySelector&&d.addEventListener&&\"undefined\"!=typeof URL&&(d.wp=d.wp||{},d.wp.receiveEmbedMessage||(d.wp.receiveEmbedMessage=function(e){var t=e.data;if((t||t.secret||t.message||t.value)&&!\/[^a-zA-Z0-9]\/.test(t.secret)){for(var s,r,n,a=l.querySelectorAll('iframe[data-secret=\"'+t.secret+'\"]'),o=l.querySelectorAll('blockquote[data-secret=\"'+t.secret+'\"]'),c=new RegExp(\"^https?:$\",\"i\"),i=0;i<o.length;i++)o[i].style.display=\"none\";for(i=0;i<a.length;i++)s=a[i],e.source===s.contentWindow&&(s.removeAttribute(\"style\"),\"height\"===t.message?(1e3<(r=parseInt(t.value,10))?r=1e3:~~r<200&&(r=200),s.height=r):\"link\"===t.message&&(r=new URL(s.getAttribute(\"src\")),n=new URL(t.value),c.test(n.protocol))&&n.host===r.host&&l.activeElement===s&&(d.top.location.href=t.value))}},d.addEventListener(\"message\",d.wp.receiveEmbedMessage,!1),l.addEventListener(\"DOMContentLoaded\",function(){for(var e,t,s=l.querySelectorAll(\"iframe.wp-embedded-content\"),r=0;r<s.length;r++)(t=(e=s[r]).getAttribute(\"data-secret\"))||(t=Math.random().toString(36).substring(2,12),e.src+=\"#?secret=\"+t,e.setAttribute(\"data-secret\",t)),e.contentWindow.postMessage({message:\"ready\",secret:t},\"*\")},!1)))}(window,document);\n\/\/# sourceURL=https:\/\/rezeknesnovads.lv\/wp-includes\/js\/wp-embed.min.js\n\/* ]]> *\/\n<\/script>\n","thumbnail_url":"https:\/\/rezeknesnovads.lv\/wp-content\/uploads\/2020\/09\/1-1.png","thumbnail_width":703,"thumbnail_height":527,"description":"2017. gada apr\u012b\u013ca beig\u0101s ar m\u0113r\u0137i veidot izpratni par pasaul\u0113 notieko\u0161ajiem procesiem un savu vietu tajos, k\u0101 ar\u012b att\u012bst\u012bt prasmi l\u012bdzdarboties, Ver\u0113mu pamatskol\u0101 Glob\u0101l\u0101s izgl\u012bt\u012bbas projekta ietvaros tika organiz\u0113ta Glob\u0101l\u0101s izgl\u012bt\u012bbas ned\u0113\u013ca. Glob\u0101l\u0101s izgl\u012bt\u012bbas ned\u0113\u013cas pas\u0101kuma aktivit\u0101t\u0113s iesaist\u012bj\u0101s visu kla\u0161u skol\u0113ni no pirm\u0101s l\u012bdz dev\u012btajai klasei."}

Rēzeknes novads

Globālās izglītības nedēļa Verēmu pamatskolā - Rēzeknes novads

<blockquote class="wp-embedded-content" data-secret="rxGKas2JNx"><a href="https://rezeknesnovads.lv/en/globalas-izglitibas-nedela-veremu-pamatskola/">Globālās izglītības nedēļa Verēmu pamatskolā</a></blockquote><iframe sandbox="allow-scripts" security="restricted" src="https://rezeknesnovads.lv/en/globalas-izglitibas-nedela-veremu-pamatskola/embed/#?secret=rxGKas2JNx" width="600" height="338" title="&#8220;Globālās izglītības nedēļa Verēmu pamatskolā&#8221; &#8212; Rēzeknes novads" data-secret="rxGKas2JNx" frameborder="0" marginwidth="0" marginheight="0" scrolling="no" class="wp-embedded-content"></iframe><script type="text/javascript">
/* <![CDATA[ */
/*! This file is auto-generated */
!function(d,l){"use strict";l.querySelector&&d.addEventListener&&"undefined"!=typeof URL&&(d.wp=d.wp||{},d.wp.receiveEmbedMessage||(d.wp.receiveEmbedMessage=function(e){var t=e.data;if((t||t.secret||t.message||t.value)&&!/[^a-zA-Z0-9]/.test(t.secret)){for(var s,r,n,a=l.querySelectorAll('iframe[data-secret="'+t.secret+'"]'),o=l.querySelectorAll('blockquote[data-secret="'+t.secret+'"]'),c=new RegExp("^https?:$","i"),i=0;i<o.length;i++)o[i].style.display="none";for(i=0;i<a.length;i++)s=a[i],e.source===s.contentWindow&&(s.removeAttribute("style"),"height"===t.message?(1e3<(r=parseInt(t.value,10))?r=1e3:~~r<200&&(r=200),s.height=r):"link"===t.message&&(r=new URL(s.getAttribute("src")),n=new URL(t.value),c.test(n.protocol))&&n.host===r.host&&l.activeElement===s&&(d.top.location.href=t.value))}},d.addEventListener("message",d.wp.receiveEmbedMessage,!1),l.addEventListener("DOMContentLoaded",function(){for(var e,t,s=l.querySelectorAll("iframe.wp-embedded-content"),r=0;r<s.length;r++)(t=(e=s[r]).getAttribute("data-secret"))||(t=Math.random().toString(36).substring(2,12),e.src+="#?secret="+t,e.setAttribute("data-secret",t)),e.contentWindow.postMessage({message:"ready",secret:t},"*")},!1)))}(window,document);
//# sourceURL=https://rezeknesnovads.lv/wp-includes/js/wp-embed.min.js
/* ]]> */
</script>

2017. gada aprīļa beigās ar mērķi veidot izpratni par pasaulē notiekošajiem procesiem un savu vietu tajos, kā arī attīstīt prasmi līdzdarboties, Verēmu pamatskolā Globālās izglītības projekta ietvaros tika organizēta Globālās izglītības nedēļa. Globālās izglītības nedēļas pasākuma aktivitātēs iesaistījās visu klašu skolēni no pirmās līdz devītajai klasei.
