{"version":"1.0","provider_name":"R\u0113zeknes novads","provider_url":"https:\/\/rezeknesnovads.lv\/en\/","author_name":"Daiga Mi\u0161\u010denko","author_url":"https:\/\/rezeknesnovads.lv\/en\/author\/daiga\/","title":"Fotoizst\u0101de \"Fotogr\u0101fijas-laika liecinieces \" - R\u0113zeknes novads","type":"rich","width":600,"height":338,"html":"<blockquote class=\"wp-embedded-content\" data-secret=\"CwkDSaK4GE\"><a href=\"https:\/\/rezeknesnovads.lv\/en\/iedzivotajiem\/kalendars\/fotoizstade-fotografijas-laika-liecinieces-3\/\">Fotoizst\u0101de &#8220;Fotogr\u0101fijas-laika liecinieces &#8220;<\/a><\/blockquote><iframe sandbox=\"allow-scripts\" security=\"restricted\" src=\"https:\/\/rezeknesnovads.lv\/en\/iedzivotajiem\/kalendars\/fotoizstade-fotografijas-laika-liecinieces-3\/embed\/#?secret=CwkDSaK4GE\" width=\"600\" height=\"338\" title=\"&#8220;Fotoizst\u0101de &#8220;Fotogr\u0101fijas-laika liecinieces &#8220;&#8221; &#8212; R\u0113zeknes novads\" data-secret=\"CwkDSaK4GE\" frameborder=\"0\" marginwidth=\"0\" marginheight=\"0\" scrolling=\"no\" class=\"wp-embedded-content\"><\/iframe><script type=\"text\/javascript\">\n\/* <![CDATA[ *\/\n\/*! This file is auto-generated *\/\n!function(d,l){\"use strict\";l.querySelector&&d.addEventListener&&\"undefined\"!=typeof URL&&(d.wp=d.wp||{},d.wp.receiveEmbedMessage||(d.wp.receiveEmbedMessage=function(e){var t=e.data;if((t||t.secret||t.message||t.value)&&!\/[^a-zA-Z0-9]\/.test(t.secret)){for(var s,r,n,a=l.querySelectorAll('iframe[data-secret=\"'+t.secret+'\"]'),o=l.querySelectorAll('blockquote[data-secret=\"'+t.secret+'\"]'),c=new RegExp(\"^https?:$\",\"i\"),i=0;i<o.length;i++)o[i].style.display=\"none\";for(i=0;i<a.length;i++)s=a[i],e.source===s.contentWindow&&(s.removeAttribute(\"style\"),\"height\"===t.message?(1e3<(r=parseInt(t.value,10))?r=1e3:~~r<200&&(r=200),s.height=r):\"link\"===t.message&&(r=new URL(s.getAttribute(\"src\")),n=new URL(t.value),c.test(n.protocol))&&n.host===r.host&&l.activeElement===s&&(d.top.location.href=t.value))}},d.addEventListener(\"message\",d.wp.receiveEmbedMessage,!1),l.addEventListener(\"DOMContentLoaded\",function(){for(var e,t,s=l.querySelectorAll(\"iframe.wp-embedded-content\"),r=0;r<s.length;r++)(t=(e=s[r]).getAttribute(\"data-secret\"))||(t=Math.random().toString(36).substring(2,12),e.src+=\"#?secret=\"+t,e.setAttribute(\"data-secret\",t)),e.contentWindow.postMessage({message:\"ready\",secret:t},\"*\")},!1)))}(window,document);\n\/\/# sourceURL=https:\/\/rezeknesnovads.lv\/wp-includes\/js\/wp-embed.min.js\n\/* ]]> *\/\n<\/script>\n","description":"Maltas apvien\u012bbas r\u012bkot\u0101 seno fotogr\u0101fiju izst\u0101de, kuru var\u0113s apskat\u012bt Silmalas pagasta Kru\u0137u kult\u016bras nama foaj\u0113 telp\u0101s. Fotogr\u0101fij\u0101s atainota gan iedz\u012bvot\u0101ju person\u012bg\u0101 dz\u012bve, gan pagastos da\u017e\u0101dos laika posmos noz\u012bm\u012bgi mirk\u013ci.","thumbnail_url":"https:\/\/rezeknesnovads.lv\/wp-content\/uploads\/2026\/03\/rndefault.png","thumbnail_width":1200,"thumbnail_height":675}

Rēzeknes novads

Daiga Miščenko

Fotoizstāde "Fotogrāfijas-laika liecinieces " - Rēzeknes novads

<blockquote class="wp-embedded-content" data-secret="CwkDSaK4GE"><a href="https://rezeknesnovads.lv/en/iedzivotajiem/kalendars/fotoizstade-fotografijas-laika-liecinieces-3/">Fotoizstāde &#8220;Fotogrāfijas-laika liecinieces &#8220;</a></blockquote><iframe sandbox="allow-scripts" security="restricted" src="https://rezeknesnovads.lv/en/iedzivotajiem/kalendars/fotoizstade-fotografijas-laika-liecinieces-3/embed/#?secret=CwkDSaK4GE" width="600" height="338" title="&#8220;Fotoizstāde &#8220;Fotogrāfijas-laika liecinieces &#8220;&#8221; &#8212; Rēzeknes novads" data-secret="CwkDSaK4GE" frameborder="0" marginwidth="0" marginheight="0" scrolling="no" class="wp-embedded-content"></iframe><script type="text/javascript">
/* <![CDATA[ */
/*! This file is auto-generated */
!function(d,l){"use strict";l.querySelector&&d.addEventListener&&"undefined"!=typeof URL&&(d.wp=d.wp||{},d.wp.receiveEmbedMessage||(d.wp.receiveEmbedMessage=function(e){var t=e.data;if((t||t.secret||t.message||t.value)&&!/[^a-zA-Z0-9]/.test(t.secret)){for(var s,r,n,a=l.querySelectorAll('iframe[data-secret="'+t.secret+'"]'),o=l.querySelectorAll('blockquote[data-secret="'+t.secret+'"]'),c=new RegExp("^https?:$","i"),i=0;i<o.length;i++)o[i].style.display="none";for(i=0;i<a.length;i++)s=a[i],e.source===s.contentWindow&&(s.removeAttribute("style"),"height"===t.message?(1e3<(r=parseInt(t.value,10))?r=1e3:~~r<200&&(r=200),s.height=r):"link"===t.message&&(r=new URL(s.getAttribute("src")),n=new URL(t.value),c.test(n.protocol))&&n.host===r.host&&l.activeElement===s&&(d.top.location.href=t.value))}},d.addEventListener("message",d.wp.receiveEmbedMessage,!1),l.addEventListener("DOMContentLoaded",function(){for(var e,t,s=l.querySelectorAll("iframe.wp-embedded-content"),r=0;r<s.length;r++)(t=(e=s[r]).getAttribute("data-secret"))||(t=Math.random().toString(36).substring(2,12),e.src+="#?secret="+t,e.setAttribute("data-secret",t)),e.contentWindow.postMessage({message:"ready",secret:t},"*")},!1)))}(window,document);
//# sourceURL=https://rezeknesnovads.lv/wp-includes/js/wp-embed.min.js
/* ]]> */
</script>

Maltas apvienības rīkotā seno fotogrāfiju izstāde, kuru varēs apskatīt Silmalas pagasta Kruķu kultūras nama foajē telpās. Fotogrāfijās atainota gan iedzīvotāju personīgā dzīve, gan pagastos dažādos laika posmos nozīmīgi mirkļi.
