{"version":"1.0","provider_name":"R\u0113zeknes novads","provider_url":"https:\/\/rezeknesnovads.lv\/en\/","author_name":"Daiga Mi\u0161\u010denko","author_url":"https:\/\/rezeknesnovads.lv\/en\/author\/daiga\/","title":"Muzik\u0101li lirisks pas\u0101kums \"Svec\u012b\u0161u gaism\u0101\" - R\u0113zeknes novads","type":"rich","width":600,"height":338,"html":"<blockquote class=\"wp-embedded-content\" data-secret=\"a8iaQs2cvW\"><a href=\"https:\/\/rezeknesnovads.lv\/en\/iedzivotajiem\/kalendars\/muzikali-lirisks-pasakums-svecisu-gaisma\/\">Muzik\u0101li lirisks pas\u0101kums &#8220;Svec\u012b\u0161u gaism\u0101&#8221;<\/a><\/blockquote><iframe sandbox=\"allow-scripts\" security=\"restricted\" src=\"https:\/\/rezeknesnovads.lv\/en\/iedzivotajiem\/kalendars\/muzikali-lirisks-pasakums-svecisu-gaisma\/embed\/#?secret=a8iaQs2cvW\" width=\"600\" height=\"338\" title=\"&#8220;Muzik\u0101li lirisks pas\u0101kums &#8220;Svec\u012b\u0161u gaism\u0101&#8221;&#8221; &#8212; R\u0113zeknes novads\" data-secret=\"a8iaQs2cvW\" frameborder=\"0\" marginwidth=\"0\" marginheight=\"0\" scrolling=\"no\" class=\"wp-embedded-content\"><\/iframe><script type=\"text\/javascript\">\n\/* <![CDATA[ *\/\n\/*! This file is auto-generated *\/\n!function(d,l){\"use strict\";l.querySelector&&d.addEventListener&&\"undefined\"!=typeof URL&&(d.wp=d.wp||{},d.wp.receiveEmbedMessage||(d.wp.receiveEmbedMessage=function(e){var t=e.data;if((t||t.secret||t.message||t.value)&&!\/[^a-zA-Z0-9]\/.test(t.secret)){for(var s,r,n,a=l.querySelectorAll('iframe[data-secret=\"'+t.secret+'\"]'),o=l.querySelectorAll('blockquote[data-secret=\"'+t.secret+'\"]'),c=new RegExp(\"^https?:$\",\"i\"),i=0;i<o.length;i++)o[i].style.display=\"none\";for(i=0;i<a.length;i++)s=a[i],e.source===s.contentWindow&&(s.removeAttribute(\"style\"),\"height\"===t.message?(1e3<(r=parseInt(t.value,10))?r=1e3:~~r<200&&(r=200),s.height=r):\"link\"===t.message&&(r=new URL(s.getAttribute(\"src\")),n=new URL(t.value),c.test(n.protocol))&&n.host===r.host&&l.activeElement===s&&(d.top.location.href=t.value))}},d.addEventListener(\"message\",d.wp.receiveEmbedMessage,!1),l.addEventListener(\"DOMContentLoaded\",function(){for(var e,t,s=l.querySelectorAll(\"iframe.wp-embedded-content\"),r=0;r<s.length;r++)(t=(e=s[r]).getAttribute(\"data-secret\"))||(t=Math.random().toString(36).substring(2,12),e.src+=\"#?secret=\"+t,e.setAttribute(\"data-secret\",t)),e.contentWindow.postMessage({message:\"ready\",secret:t},\"*\")},!1)))}(window,document);\n\/\/# sourceURL=https:\/\/rezeknesnovads.lv\/wp-includes\/js\/wp-embed.min.js\n\/* ]]> *\/\n<\/script>\n","thumbnail_url":"https:\/\/rezeknesnovads.lv\/wp-content\/uploads\/2025\/01\/02.02._Struzani_Svecu_gaisma-1-1-724x1024.jpg","thumbnail_width":724,"thumbnail_height":1024,"description":"Apcerot Sve\u010du dienas trad\u012bcijas un gaismas noz\u012bmi taj\u0101, Str\u016b\u017e\u0101nu pagasta kult\u016bras nam\u0101 izskan\u0113s vok\u0101lo ansamb\u013cu koncerts. Gai\u0161\u0101k\u0101s lirisk\u0101s latvie\u0161u komponistu dziesmas un tautasdziesmas ar ziem\u012bgu noska\u0146u izdzied\u0101s Str\u016b\u017e\u0101nu kult\u016bras nama vok\u0101lais ansamblis \"Sidrabrasa\", B\u0113rzpils pagasta folkloras kopa \"Saivenis\" un Me\u017evidu pagasta m\u0101kslinieciskie kolekt\u012bvi. Kolekt\u012bvu dal\u012bbnieku izpild\u012bjum\u0101 b\u016bs klaus\u0101mas ar\u012b latvie\u0161u un latgalie\u0161u autoru dzejas rindas [&hellip;]"}

Rēzeknes novads

Daiga Miščenko

Muzikāli lirisks pasākums "Svecīšu gaismā" - Rēzeknes novads

<blockquote class="wp-embedded-content" data-secret="a8iaQs2cvW"><a href="https://rezeknesnovads.lv/en/iedzivotajiem/kalendars/muzikali-lirisks-pasakums-svecisu-gaisma/">Muzikāli lirisks pasākums &#8220;Svecīšu gaismā&#8221;</a></blockquote><iframe sandbox="allow-scripts" security="restricted" src="https://rezeknesnovads.lv/en/iedzivotajiem/kalendars/muzikali-lirisks-pasakums-svecisu-gaisma/embed/#?secret=a8iaQs2cvW" width="600" height="338" title="&#8220;Muzikāli lirisks pasākums &#8220;Svecīšu gaismā&#8221;&#8221; &#8212; Rēzeknes novads" data-secret="a8iaQs2cvW" frameborder="0" marginwidth="0" marginheight="0" scrolling="no" class="wp-embedded-content"></iframe><script type="text/javascript">
/* <![CDATA[ */
/*! This file is auto-generated */
!function(d,l){"use strict";l.querySelector&&d.addEventListener&&"undefined"!=typeof URL&&(d.wp=d.wp||{},d.wp.receiveEmbedMessage||(d.wp.receiveEmbedMessage=function(e){var t=e.data;if((t||t.secret||t.message||t.value)&&!/[^a-zA-Z0-9]/.test(t.secret)){for(var s,r,n,a=l.querySelectorAll('iframe[data-secret="'+t.secret+'"]'),o=l.querySelectorAll('blockquote[data-secret="'+t.secret+'"]'),c=new RegExp("^https?:$","i"),i=0;i<o.length;i++)o[i].style.display="none";for(i=0;i<a.length;i++)s=a[i],e.source===s.contentWindow&&(s.removeAttribute("style"),"height"===t.message?(1e3<(r=parseInt(t.value,10))?r=1e3:~~r<200&&(r=200),s.height=r):"link"===t.message&&(r=new URL(s.getAttribute("src")),n=new URL(t.value),c.test(n.protocol))&&n.host===r.host&&l.activeElement===s&&(d.top.location.href=t.value))}},d.addEventListener("message",d.wp.receiveEmbedMessage,!1),l.addEventListener("DOMContentLoaded",function(){for(var e,t,s=l.querySelectorAll("iframe.wp-embedded-content"),r=0;r<s.length;r++)(t=(e=s[r]).getAttribute("data-secret"))||(t=Math.random().toString(36).substring(2,12),e.src+="#?secret="+t,e.setAttribute("data-secret",t)),e.contentWindow.postMessage({message:"ready",secret:t},"*")},!1)))}(window,document);
//# sourceURL=https://rezeknesnovads.lv/wp-includes/js/wp-embed.min.js
/* ]]> */
</script>

Apcerot Sveču dienas tradīcijas un gaismas nozīmi tajā, Strūžānu pagasta kultūras namā izskanēs vokālo ansambļu koncerts. Gaišākās liriskās latviešu komponistu dziesmas un tautasdziesmas ar ziemīgu noskaņu izdziedās Strūžānu kultūras nama vokālais ansamblis "Sidrabrasa", Bērzpils pagasta folkloras kopa "Saivenis" un Mežvidu pagasta mākslinieciskie kolektīvi. Kolektīvu dalībnieku izpildījumā būs klausāmas arī latviešu un latgaliešu autoru dzejas rindas [&hellip;]
