{"version":"1.0","provider_name":"R\u0113zeknes novads","provider_url":"https:\/\/rezeknesnovads.lv\/en\/","author_name":"rsusr","author_url":"https:\/\/rezeknesnovads.lv\/en\/author\/rsusr\/","title":"R\u0113zeknes novada m\u0101kslinieki grie\u0137iem vad\u012bs rado\u0161\u0101s darbn\u012bcas - R\u0113zeknes novads","type":"rich","width":600,"height":338,"html":"<blockquote class=\"wp-embedded-content\" data-secret=\"yJegDZwcUU\"><a href=\"https:\/\/rezeknesnovads.lv\/en\/rezeknes-novada-makslinieki-griekiem-vadis-radosas-darbnicas-2\/\">R\u0113zeknes novada m\u0101kslinieki grie\u0137iem vad\u012bs rado\u0161\u0101s darbn\u012bcas<\/a><\/blockquote><iframe sandbox=\"allow-scripts\" security=\"restricted\" src=\"https:\/\/rezeknesnovads.lv\/en\/rezeknes-novada-makslinieki-griekiem-vadis-radosas-darbnicas-2\/embed\/#?secret=yJegDZwcUU\" width=\"600\" height=\"338\" title=\"&#8220;R\u0113zeknes novada m\u0101kslinieki grie\u0137iem vad\u012bs rado\u0161\u0101s darbn\u012bcas&#8221; &#8212; R\u0113zeknes novads\" data-secret=\"yJegDZwcUU\" frameborder=\"0\" marginwidth=\"0\" marginheight=\"0\" scrolling=\"no\" class=\"wp-embedded-content\"><\/iframe><script type=\"text\/javascript\">\n\/* <![CDATA[ *\/\n\/*! This file is auto-generated *\/\n!function(d,l){\"use strict\";l.querySelector&&d.addEventListener&&\"undefined\"!=typeof URL&&(d.wp=d.wp||{},d.wp.receiveEmbedMessage||(d.wp.receiveEmbedMessage=function(e){var t=e.data;if((t||t.secret||t.message||t.value)&&!\/[^a-zA-Z0-9]\/.test(t.secret)){for(var s,r,n,a=l.querySelectorAll('iframe[data-secret=\"'+t.secret+'\"]'),o=l.querySelectorAll('blockquote[data-secret=\"'+t.secret+'\"]'),c=new RegExp(\"^https?:$\",\"i\"),i=0;i<o.length;i++)o[i].style.display=\"none\";for(i=0;i<a.length;i++)s=a[i],e.source===s.contentWindow&&(s.removeAttribute(\"style\"),\"height\"===t.message?(1e3<(r=parseInt(t.value,10))?r=1e3:~~r<200&&(r=200),s.height=r):\"link\"===t.message&&(r=new URL(s.getAttribute(\"src\")),n=new URL(t.value),c.test(n.protocol))&&n.host===r.host&&l.activeElement===s&&(d.top.location.href=t.value))}},d.addEventListener(\"message\",d.wp.receiveEmbedMessage,!1),l.addEventListener(\"DOMContentLoaded\",function(){for(var e,t,s=l.querySelectorAll(\"iframe.wp-embedded-content\"),r=0;r<s.length;r++)(t=(e=s[r]).getAttribute(\"data-secret\"))||(t=Math.random().toString(36).substring(2,12),e.src+=\"#?secret=\"+t,e.setAttribute(\"data-secret\",t)),e.contentWindow.postMessage({message:\"ready\",secret:t},\"*\")},!1)))}(window,document);\n\/\/# sourceURL=https:\/\/rezeknesnovads.lv\/wp-includes\/js\/wp-embed.min.js\n\/* ]]> *\/\n<\/script>\n","thumbnail_url":"https:\/\/rezeknesnovads.lv\/wp-content\/uploads\/2026\/03\/rndefault.png","thumbnail_width":1200,"thumbnail_height":675,"description":"No 18. l\u012bdz 25. oktobrim pieci R\u0113zeknes novada da\u017e\u0101du m\u0101kslas jomu p\u0101rst\u0101vji Grie\u0137ijas pils\u0113t\u0101 Elasona st\u0101st\u012bs par savu m\u0101ksliniecisko darb\u012bbu, viet\u0113jiem iedz\u012bvot\u0101jiem r\u012bkojot rado\u0161\u0101s darbn\u012bcas, semin\u0101rus un nodarb\u012bbas. \u0160\u012bs aktivit\u0101tes norisin\u0101sies starptautisk\u0101 projekta \u201eArt Farers\u201d ietvaros, kuru vada Eiropas kult\u016bras un soci\u0101l\u0101s izgl\u012bt\u012bbas organiz\u0101cija ECOSE (Grie\u0137ija)."}

Rēzeknes novads

Rēzeknes novada mākslinieki grieķiem vadīs radošās darbnīcas - Rēzeknes novads

<blockquote class="wp-embedded-content" data-secret="yJegDZwcUU"><a href="https://rezeknesnovads.lv/en/rezeknes-novada-makslinieki-griekiem-vadis-radosas-darbnicas-2/">Rēzeknes novada mākslinieki grieķiem vadīs radošās darbnīcas</a></blockquote><iframe sandbox="allow-scripts" security="restricted" src="https://rezeknesnovads.lv/en/rezeknes-novada-makslinieki-griekiem-vadis-radosas-darbnicas-2/embed/#?secret=yJegDZwcUU" width="600" height="338" title="&#8220;Rēzeknes novada mākslinieki grieķiem vadīs radošās darbnīcas&#8221; &#8212; Rēzeknes novads" data-secret="yJegDZwcUU" frameborder="0" marginwidth="0" marginheight="0" scrolling="no" class="wp-embedded-content"></iframe><script type="text/javascript">
/* <![CDATA[ */
/*! This file is auto-generated */
!function(d,l){"use strict";l.querySelector&&d.addEventListener&&"undefined"!=typeof URL&&(d.wp=d.wp||{},d.wp.receiveEmbedMessage||(d.wp.receiveEmbedMessage=function(e){var t=e.data;if((t||t.secret||t.message||t.value)&&!/[^a-zA-Z0-9]/.test(t.secret)){for(var s,r,n,a=l.querySelectorAll('iframe[data-secret="'+t.secret+'"]'),o=l.querySelectorAll('blockquote[data-secret="'+t.secret+'"]'),c=new RegExp("^https?:$","i"),i=0;i<o.length;i++)o[i].style.display="none";for(i=0;i<a.length;i++)s=a[i],e.source===s.contentWindow&&(s.removeAttribute("style"),"height"===t.message?(1e3<(r=parseInt(t.value,10))?r=1e3:~~r<200&&(r=200),s.height=r):"link"===t.message&&(r=new URL(s.getAttribute("src")),n=new URL(t.value),c.test(n.protocol))&&n.host===r.host&&l.activeElement===s&&(d.top.location.href=t.value))}},d.addEventListener("message",d.wp.receiveEmbedMessage,!1),l.addEventListener("DOMContentLoaded",function(){for(var e,t,s=l.querySelectorAll("iframe.wp-embedded-content"),r=0;r<s.length;r++)(t=(e=s[r]).getAttribute("data-secret"))||(t=Math.random().toString(36).substring(2,12),e.src+="#?secret="+t,e.setAttribute("data-secret",t)),e.contentWindow.postMessage({message:"ready",secret:t},"*")},!1)))}(window,document);
//# sourceURL=https://rezeknesnovads.lv/wp-includes/js/wp-embed.min.js
/* ]]> */
</script>

No 18. līdz 25. oktobrim pieci Rēzeknes novada dažādu mākslas jomu pārstāvji Grieķijas pilsētā Elasona stāstīs par savu māksliniecisko darbību, vietējiem iedzīvotājiem rīkojot radošās darbnīcas, seminārus un nodarbības. Šīs aktivitātes norisināsies starptautiskā projekta „Art Farers” ietvaros, kuru vada Eiropas kultūras un sociālās izglītības organizācija ECOSE (Grieķija).
